. Let r be ((t - -5)/2)/((-3)/(-44)). What is the greatest common factor of b and r?
8
Let d(x) = 18*x**2 + 26*x + 57. Let f be d(-2). Let c = -539 + 616. Calculate the greatest common divisor of c and f.
77
Suppose 14*l - 13762 = -38*l - 1386. What is the highest common factor of 1462 and l?
34
Let i be (0 - -4) + -3 - (6 + -7). Let z be (i + 3)/((-30)/(-48)). Let f = -2 + 14. What is the greatest common divisor of z and f?
4
Let k(a) = a**2 - 11*a + 10. Let z be k(10). Let s be z + 6 + -4 + 6 + 2. Calculate the greatest common divisor of 130 and s.
10
Suppose 5*c + 0*i + 370 = -5*i, 2*c - 3*i + 153 = 0. Let v = 67 + c. Let m be (-153)/v - 15/120. Calculate the highest common divisor of m and 19.
19
Suppose 2*f = 5*m + 213, 12*f - 216 = 10*f + 4*m. Suppose -38 + f = 2*p - 4*s, 2*s + 86 = 2*p. What is the greatest common divisor of p and 84?
12
Let t(j) = -2*j - 11. Let d be t(-7). Let g(f) = 5*f - 13. Let u be g(d). Suppose 4*c - u*c = 288. Calculate the greatest common divisor of c and 36.
36
Suppose 25*p + 1905 - 606 = 11274. Calculate the greatest common divisor of p and 12.
3
Let o = 377 + -325. Let a be (494/o)/((-1)/(-26)). What is the highest common factor of a and 19?
19
Let w(o) = -96*o - 26. Let f be w(-6). Let m = 721 - f. Calculate the greatest common divisor of 72 and m.
9
Suppose 3*t - 2*a = 21, 0 = t - 4*t + a + 18. Suppose 3*r + 1084 = t*r. Let u be (4/6)/(-3 - r/(-180)). Calculate the highest common factor of u and 12.
12
Let o = -50 - 34. Let v = 585 - 467. Let x = v + o. What is the highest common factor of x and 102?
34
Let d(m) = -3*m**2 - 76*m - 78. Let x be d(-24). What is the greatest common divisor of x and 246?
6
Let z = 66 - 62. Suppose -o + 3*o + 170 = 3*t, t - 66 = -z*o. What is the greatest common divisor of t and 638?
58
Let j = -1320 + 1347. What is the greatest common factor of 333 and j?
9
Suppose -2*v - 5*b + 83535 = 0, 1494*v = 1495*v + 2*b - 41766. Calculate the highest common divisor of 18 and v.
18
Let y(j) = -3*j**3 - 117*j**2 - 440*j + 2. Let h be y(-35). What is the highest common factor of 39 and h?
39
Let y be (0 + 2)/(-1 - (1 + 42/(-18))). Let o(s) = 93*s - 9. Let h be o(7). What is the greatest common divisor of h and y?
6
Let m(v) = -48*v**3 + 43*v**2 + 220*v - 36. Let x be m(-6). What is the highest common factor of 16 and x?
16
Suppose -8*k + 94 = -50. Suppose k*x - 778 - 986 = 0. What is the greatest common divisor of x and 14?
14
Let f(z) = 31*z**2 - z. Let l be f(1). Suppose -2*q + 1425 = 465. Suppose 10*n + 6*n - q = 0. What is the greatest common factor of l and n?
30
Suppose 2*h - 109 = -7. What is the highest common factor of 731 and h?
17
Let v(a) = 7*a + 32. Let p be v(-8). Let o be (-987)/p + (-2)/16. Let y be (-1 + 2)*(42 + -1). Calculate the highest common factor of y and o.
41
Let s = 2767 + -2704. Calculate the greatest common divisor of 180 and s.
9
Let j = 3 + 1. Let f be (99 - 9)/18*(-1 + 2). Suppose j*k = f*k - 15. What is the highest common divisor of k and 9?
3
Let k(s) = -35*s + 3. Let f be k(-4). Suppose -3*v = -x + 2, 4*x - 671 = -3*v - 618. What is the highest common divisor of x and f?
11
Let l be (-2)/(2/6*-2). Let i = 5 - l. Let p(u) = 186*u + 6697. Let r be p(-36). Calculate the highest common factor of r and i.
1
Let r = 440 + -446. Let f be 5/(-21)*36/r*14. Calculate the greatest common factor of f and 460.
20
Let w = -35078 - -36707. Calculate the highest common factor of w and 1.
1
Let g = 34281 + -33644. Calculate the highest common factor of 2184 and g.
91
Suppose 0 = 3*g + 688 - 2296. Suppose -5199*o + 5220*o = 1407. Calculate the highest common factor of g and o.
67
Suppose 23*z - 21*z + 4*x - 14 = 0, 2 = x. Let u be (-470)/(-15) + 1 + z/(-9). Calculate the highest common factor of u and 256.
32
Let z be 135/(-5)*2/(-3). Let j = 550 - 290. Let d = j + -134. What is the greatest common divisor of z and d?
18
Let j = -3847 - -9944. Calculate the greatest common divisor of j and 91.
91
Let h = 1 - -1. Suppose 0 = -5*c + h*c + 288. Suppose -3*j = -5*b + 72, -68*b + 2*j + 32 = -66*b. What is the greatest common divisor of b and c?
12
Let g be ((-32)/(-28))/(20/17570). What is the highest common divisor of g and 2?
2
Suppose 0 = -65*h + 71*h - 18. Suppose -38 = -2*j - l, 6*j = 5*j + h*l + 12. Calculate the highest common factor of 234 and j.
18
Suppose 4*k - 5220 = -5*g + 2630, k + 3*g - 1959 = 0. Calculate the greatest common divisor of 30 and k.
15
Let m = 1847 - -1028. Suppose -m = -34*r - 529. Calculate the highest common factor of r and 253.
23
Let h be (-1)/(-2)*1*(-52)/(-1). Suppose -22*j - 520 = -h*j. Calculate the highest common divisor of j and 10.
10
Let q = 16548 - 16502. What is the greatest common factor of 416 and q?
2
Let f(t) = 2*t**3 - 6*t**2 - 14*t - 1. Let y(p) = 21*p + 344. Let i be y(-16). Let w be f(i). Calculate the greatest common factor of 31 and w.
31
Suppose 0 = -5*l + 2*u + 1440, -4*l - 3*u + 707 + 422 = 0. Calculate the highest common factor of 352 and l.
22
Let t = -22 + 241. Suppose 15*b - t = -n + 14*b, -4 = -2*b. Calculate the highest common factor of n and 28.
7
Let p(g) = 1795*g + 8. Let j be p(1). Suppose -j = -18*w + 5505. What is the highest common factor of w and 14?
14
Let g(i) be the first derivative of -i**2/2 + 13*i + 1. Let n be g(9). Let k be (-20)/(-14)*(73 - 59). What is the highest common factor of k and n?
4
Suppose -12*t = 344 - 2156. Calculate the highest common factor of t and 3775.
151
Let c(v) = -v**2 + 8*v + 4. Let h be c(6). Let r = -289748 + 289752. What is the highest common divisor of r and h?
4
Let u be 2/8 + (-7326)/(-72). Suppose 3*h - 4*b - u = 0, -b + 5*b - 34 = -h. What is the highest common factor of h and 238?
34
Let s be (8 + (-385)/(-15) - 7)/(4/6). What is the highest common factor of s and 1152?
8
Suppose 0 = -0*z - z + 40. Suppose 5*s - k = -4, -2*s - 5*k + 20 = -3*s. Suppose 6*u + 882 - 2802 = s. What is the greatest common factor of u and z?
40
Suppose -41*s = 41*s - 67*s - 63090. Calculate the highest common divisor of s and 6.
6
Let i(f) = -23*f - 18 + 117 - f**2 - 26*f - 22. Let x be i(-49). What is the highest common factor of 539 and x?
77
Suppose 41*k - 24 = 49*k. Let y be 22 + 0/((-3)/(-1)). Let o be (2 + y/k)*264/(-16). Calculate the highest common divisor of 8 and o.
8
Let v(x) = x**2 - 4*x - 16. Let q be v(-3). Let d be (-19)/q - 20/100 - -64. What is the greatest common factor of d and 40?
20
Let w(k) = -k**2 - 8*k + 41. Let a be w(-13). Let c be -1 + 24/6 - a. What is the greatest common divisor of c and 81?
27
Let t(h) = 27*h**3 - h**2 - h - 2. Let x be t(2). Suppose -49*l + 642 = -450 - 182. Calculate the highest common divisor of x and l.
26
Let x = -40 + 47. Let b be (-568)/(-9) - 14/126. What is the highest common factor of b and x?
7
Suppose -2070 = -2*n - 3*r, 0*n - n + 2*r = -1014. Calculate the highest common divisor of n and 38.
38
Suppose s + j = 10, -49 = -2*s - j - 33. Let g(y) = y**2 - 8*y - 3. Let m be g(7). Let n = s - m. What is the greatest common factor of n and 32?
16
Let i = -73 - -114. Suppose 33 - i = -4*c. Suppose j = 29 - c. What is the greatest common divisor of j and 3?
3
Suppose 25*r - 780 = 22*r. Let n = -240 + r. Calculate the greatest common divisor of n and 1.
1
Let q be -8*(-5 + (8/(-4))/(-1)). Suppose 22 = 26*u - q*u. Calculate the greatest common factor of 121 and u.
11
Suppose -3*l + 4*v + 59 = 0, 4*l + 1 = 6*l + 5*v. Suppose a - 38 = -2*m + 57, 3*m = -2*a + 141. Let b = 114 - m. What is the greatest common factor of l and b?
13
Let d be (10/(-7) - 75/(-175))*2. Let x be (8/d)/((-3605)/360 - -10). What is the greatest common factor of x and 18?
18
Let p be ((-522)/(-24) - -3)/(183/4148). What is the highest common divisor of p and 264?
33
Let l be (-555)/(-222)*(-6194)/(-5). What is the highest common divisor of l and 133?
19
Let k(a) = 4*a**2 - 2. Let g = 47 - 42. Suppose 2*b - g*h = 23, -2*b + 4*h = -11 - 7. Let w be k(b). Calculate the highest common factor of w and 2.
2
Let c be (2040/238)/(-12)*-7. Let z be 136/3 + (-2)/6. What is the highest common divisor of c and z?
5
Suppose -o = 20 - 46. Let k be o/(4 + 72/(-20)). Calculate the greatest common factor of 13 and k.
13
Let w = 22 + 15. Suppose -i + w = 13. Let p be 508/6 + 4/(-6). C